is the remainder when 209 is divided by r(-4)?
50
Suppose -2*v - 6 = -0, 3*h = -4*v - 12. Let q be (h - -1) + (-9)/3. What is the remainder when 7 is divided by -10*q*4/16?
2
Suppose -5*j = -2*z + 227, 0 = -2*z - z + 5*j + 338. Calculate the remainder when z is divided by 60.
51
Suppose -4 + 8 = m. Let d(q) = 1 + 2*q**2 - 3*q**2 + 5*q - 2. What is the remainder when 8 is divided by d(m)?
2
Suppose -21*y + 1984 = -5*y. Calculate the remainder when y is divided by 42.
40
Let u(g) = 4*g - 18. Let b be u(9). Suppose 0 = k + 2*k - b. Suppose -12 = -t + 2*y, -y + k*y + 35 = 3*t. What is the remainder when 28 is divided by t?
8
Let s = -12 + 33. Suppose 12 = 4*l - 0*l, -l + 33 = 5*u. Suppose 0 = u*a - 47 - 1. What is the remainder when s is divided by a?
5
Let m(r) = -r**3 - 6*r**2 - 16*r - 10. Calculate the remainder when 37 is divided by m(-3).
4
Suppose 32*g + 3*g = 8785. What is the remainder when g is divided by 52?
43
Let x(l) = -3*l + 14. Let h be x(0). Suppose 118 = 4*i - h. What is the remainder when i is divided by 13?
7
Let x(r) = -2*r**3 - 31*r**2 - 17*r + 7. What is the remainder when x(-15) is divided by 4?
1
Let r(f) = 2*f**2 + 5*f**2 - 3*f**2 - 3*f**2. Let u(x) = x**3 - 12*x**2 - 10*x - 17. Let k(t) = r(t) + u(t). What is the remainder when 13 is divided by k(12)?
6
Let h(x) = -x**3 + 2*x**2 + 5*x + 3. Calculate the remainder when 107 is divided by h(3).
8
Let x(a) = -a**3 - 34*a**2 - 37*a - 9. What is the remainder when x(-33) is divided by 111?
12
Suppose 69 = l - o, -5*l = -8*o + 6*o - 333. What is the remainder when 171 is divided by l?
41
Let x(l) = 3*l**2 + 30*l - 131. What is the remainder when x(5) is divided by 56?
38
Suppose -8 = -p + 63. Suppose 2*u + 16 - 60 = 0. Suppose m - 2 = u. Calculate the remainder when p is divided by m.
23
Let l(r) = -r**3 + 4*r**2 - 2*r + 5. Let b(c) = 4*c**3 - 16*c**2 + 8*c - 20. Let p(v) = 2*b(v) + 9*l(v). What is the remainder when 15 is divided by p(3)?
7
Let o(v) = 25*v - 82. Calculate the remainder when 34 - (1 + 0/(-1)) is divided by o(4).
15
What is the remainder when 1*185*(-4)/(-10) + 2 is divided by 39?
37
Suppose -2076 = -3*y - 3*b, -3*b + 0*b + 15 = 0. What is the remainder when y is divided by 23?
20
Let p be ((-6039)/12)/(-3) + 3/12. What is the remainder when (0*(-2)/4)/(-2) + p is divided by 43?
39
Let w = 1589 - 1568. Calculate the remainder when 72 is divided by w.
9
Suppose 9*u = 5*u. Suppose -4*d + 47 + 9 = u. Calculate the remainder when 53 is divided by d.
11
Suppose 2*p - 18 = -0*p. Suppose p*v - 66 = 8*v. What is the remainder when v is divided by 14?
10
Suppose 3*v - 78 = 20*f - 24*f - 9, f = 0. Calculate the remainder when ((-24)/(-5))/(-3)*-40 is divided by v.
18
Let p = -69 - -89. Calculate the remainder when 75 is divided by p.
15
Let f = 1590 - 1241. What is the remainder when f is divided by 13?
11
Suppose 5*a - 3*a = 64. Let b = -26 + 27. Let f = 6 + b. Calculate the remainder when a is divided by f.
4
Suppose -55 = -2*g + 429. What is the remainder when g is divided by 49?
46
Let g(q) = 2*q**3 - 4*q**2 - 4*q. Let l be g(4). Suppose -472 = -8*z - l. What is the remainder when z is divided by 11?
9
Let g = 107 + -187. Let n(m) = 2*m - 10. Calculate the remainder when (-107)/(-5) - 48/g is divided by n(9).
6
Suppose -279 = 25*s - 54. Suppose -2*d = -d - 4. What is the remainder when (s/d)/(5/(-20)) is divided by 4?
1
Let q(u) = -u**2 - 7*u + 68. What is the remainder when q(0) is divided by 26?
16
Calculate the remainder when (-3)/7 + (-21681)/(-511) is divided by 28.
14
Suppose 5*n = -o + 29 + 27, 3 = -3*n. Let m = -113 - -25. Let l = -57 - m. What is the remainder when o is divided by l?
30
Suppose 3*w - 546 + 132 = 0. Suppose 4*s - 16 = -3*n, -n = 5*s - 2*n - 20. Suppose s*x + w = 7*x. Calculate the remainder when x is divided by 24.
22
Calculate the remainder when ((-1119)/12)/((-65)/20 - -3) is divided by 47.
44
Suppose 2*v - 4*v + 148 = 4*y, 2*y - 98 = 5*v. Let m = -11 - -32. Let w = y - m. What is the remainder when 67 is divided by w?
13
Suppose 0 = 5*n - s - 105, -3*s + 0 = n - 5. What is the remainder when 72 is divided by n?
12
Suppose -20*r = 4*j - 21*r - 55, 49 = 4*j + r. Let u = 65 - 18. Calculate the remainder when u is divided by j.
8
Suppose 138 = 108*u - 85*u. Calculate the remainder when 64 is divided by u.
4
Let m = 341 + -208. Calculate the remainder when m is divided by 27.
25
Let j(k) = 3*k**2 + 5*k - 4. Let v be j(-4). Suppose 0 = 2*n - 8*n + v. Suppose 0 = -3*r + n*r - 12. Calculate the remainder when 23 is divided by r.
11
Calculate the remainder when 55 is divided by -3 + 36*(-35)/(-28).
13
Suppose 2*b - 31 = 41. Suppose 63 = 3*k + 3*i, 0 = 3*i - 4 - 2. Calculate the remainder when b is divided by k.
17
Let q(p) = p**3 - 4*p**2 + 2*p + 5. Suppose 20 = x + 4*x. Let g(j) = 9*j**2 - 1. Calculate the remainder when g(-2) is divided by q(x).
9
Calculate the remainder when 4/(-2)*2000/(-32) is divided by 26.
21
Suppose -5*u + 12 = -3. Suppose 15 = 2*l + u*l. Suppose l*q = 60 - 15. What is the remainder when 29 is divided by q?
14
Let v be 12/36 - (-1376)/(-6). Let r = v + 326. What is the remainder when r is divided by 14?
13
Let u = 759 + -756. Calculate the remainder when u is divided by ((-2)/4)/((-2)/12).
0
Suppose -1147*o - 6447 = -1154*o. What is the remainder when o is divided by 84?
81
Calculate the remainder when (-10 - 2) + 7 - -255 is divided by 15.
10
Let f be (15/(-30))/(-1 + (-14)/(-16)). Suppose 3*p - 24 = -f*q, 3*p + 57 = 7*p - 3*q. Calculate the remainder when ((-46)/(-6))/((-2)/(-6)) is divided by p.
11
Calculate the remainder when 89 is divided by 0 - (-3)/7 - (-306)/21.
14
Suppose -5*l + 102 = -3. Calculate the remainder when l is divided by 6.
3
Suppose -y = -153 + 138. Suppose -5*l = -4*q - y, l + q - 19 = -l. What is the remainder when 26 is divided by l?
5
Suppose 5*r - 36 - 17 = 2*g, -2*r + 2*g + 26 = 0. Let l be 26/26 - (-1)/(2/(-6)). Let h = r + l. What is the remainder when 13 is divided by h?
6
Let y = 89 + -36. Let v(i) = 0*i**2 + 1 - 5*i**2 + 14*i + 3*i**2 + i**2. What is the remainder when y is divided by v(13)?
11
Let v(o) = -17*o - 5 - 11 + 4*o. Calculate the remainder when v(-6) is divided by 16.
14
Let g = 2 - -1. Let t = 399 - 299. Calculate the remainder when t is divided by g/(-9) - 206/(-6).
32
Let a(n) = n. Let b = 20 + -15. Suppose -b*s + 36 = -s. Calculate the remainder when 32 is divided by a(s).
5
Let k(j) = -19*j - 165. What is the remainder when k(-12) is divided by 42?
21
Suppose 0 = 3*g + g + 128. Let o = g - -51. Let c(x) = x**3 - 8*x**2 + x - 2. Calculate the remainder when o is divided by c(8).
1
Suppose -5*n - 7 = u, -13 = -5*u + 3*n - 4*n. Let b = u - -9. Calculate the remainder when ((-2)/1)/((-1)/29) is divided by b.
10
Let j = -13 - -18. Calculate the remainder when 3 + -3 + 3 + 4 + 0 is divided by j.
2
Suppose 82*s + 6*s = 9240. Calculate the remainder when s is divided by 62.
43
Let v(g) = -14*g + 83. Calculate the remainder when 36 is divided by v(5).
10
Suppose -483 = -4*m - y, 38*y - 39*y + 605 = 5*m. What is the remainder when m is divided by 39?
5
Suppose 246*g + 73 = 3*n + 242*g, -88 = -4*n - 4*g. Suppose 2*k - 178 = -0*k. Calculate the remainder when k is divided by n.
20
Let y(k) = -152*k + 146*k - 3 + 2*k**2 - 3*k**2. Let z be y(-4). Suppose 0 = g - 5 - z. Calculate the remainder when 17 is divided by g.
7
Let z = -26 - -38. Suppose 5*y = -4*v - 26, -4*y - y = -10. Let m = v - -32. Calculate the remainder when m is divided by z.
11
Let m be (-6)/4*(-40)/(-3). Let j = m + 35. Let l = 18 + j. Calculate the remainder when l is divided by 12.
9
Let j(o) = -o - 10. Let k be j(0). Let p be ((-4)/k)/((-2)/(-10)). What is the remainder when 46 is divided by (9 - 17)/((-1)/p)?
14
What is the remainder when 2053/7 + 4/(-14) is divided by 59?
57
Suppose -600 = -38*i - 106. Suppose p + p = 70. Suppose -3*h + 141 - 6 = 3*k, 0 = k + 3*h - p. What is the remainder when k is divided by i?
11
Suppose 3*y + 2*y - 25 = -2*b, -3*b - y = -44. Suppose -11*i = -b*i + 244. Let x = i - 39. What is the remainder when x is divided by 8?
6
Suppose 230 = -d - 2*i, 5*d - 5*i = -340 - 765. Let m be d/(-36) - (-8)/(-36). Suppose 5*o - m*o + 17 = 0. Calculate the remainder when 31 is divided by o.
14
Suppo